{"id":1961,"date":"2022-10-14T18:18:48","date_gmt":"2022-10-14T16:18:48","guid":{"rendered":"https:\/\/ambtokyo.esteri.it\/?page_id=1961"},"modified":"2022-10-14T18:18:48","modified_gmt":"2022-10-14T16:18:48","slug":"intervento-dellambasciatore-ditalia-gianluigi-benedetti-in-occasione-della-cerimonia-di-apertura-della-fiera-italiana-buono-buono-italia-fair-2022-tokyo-27-genn","status":"publish","type":"page","link":"https:\/\/ambtokyo.esteri.it\/it\/chi-siamo\/ambasciatore\/discorsi-dellambasciatore__trashed\/intervento-dellambasciatore-ditalia-gianluigi-benedetti-in-occasione-della-cerimonia-di-apertura-della-fiera-italiana-buono-buono-italia-fair-2022-tokyo-27-genn\/","title":{"rendered":"Intervento dell\u2019Ambasciatore d\u2019Italia, Gianluigi Benedetti in occasione della cerimonia di apertura della Fiera Italiana \u201cBuono! Buono! Italia Fair 2022\u201d Tokyo, 27 gennaio 2022"},"content":{"rendered":"<p>Buonasera a tutti, ben trovati.<\/p>\n<p>Sono molto felice di essere qui stasera alla cerimonia inaugurale della Fiera \u201cBuono! Buono!\u201d dedicata all\u2019Italia e alla straordinaria offerta enogastronomica e culturale del nostro Paese.<\/p>\n<p>Anche quest\u2019anno, per la quinta edizione, le porte degli alberghi Prince Hotels si aprono all\u2019Italia e ospitano per due mesi, dal 1 febbraio al 31 marzo, i sapori e i colori della nostra tradizione.<\/p>\n<p>Permettetemi di rivolgere un ringraziamento speciale al Prince Hotel e, in particolare, al General Manager responsabile dell\u2019area di Tokyo, Takei Hisaaki, che ringrazio per questa splendida serata e per l\u2019invito a essere qui.<\/p>\n<p>Desidero esprimere la mia grande soddisfazione per il successo riscontrato nelle passate edizioni e mi auguro che anche quest\u2019anno il pubblico giapponese e gli ospiti del Prince Hotel possano apprezzare le eccellenze del nostro Made in Italy.<\/p>\n<p>Il programma di eventi in calendario e le tante iniziative che si terranno nella splendida cornice dei Prince Hotel si concentrano, quest\u2019anno, non solo sulla tradizione culinaria italiana, ma su ci\u00f2 che noi chiamiamo il \u201cVivere all\u2019Italiana\u201d, l\u2019Italian way of Life.<\/p>\n<p>Spettacoli di musica, serate dedicate alle tradizioni regionali, gadget realizzati in collaborazione con alcuni tra i pi\u00f9 noti brand italiani, sono solo parte delle iniziative che popoleranno la Fiera italiana 2022.<\/p>\n<p>Il pubblico giapponese, sofisticato e attento, da sempre apprezza l\u2019unicit\u00e0 della nostra cucina e la qualit\u00e0 dei nostri prodotti agroalimentari, ma \u00e8 in forte crescita \u2013 e ne siamo molto felici &#8211; anche l\u2019interesse, la curiosit\u00e0 e l\u2019entusiasmo per il design italiano e per l\u2019alta gamma che, dalla moda alla gioielleria, sono espressione del migliore Made in Italy.<\/p>\n<p>Il mio augurio \u00e8 che gli amici giapponesi possano apprezzare, sempre pi\u00f9 e sempre pi\u00f9 numerosi, la nostra variegata offerta e che possano presto sperimentare, di persona, in una delle meravigliose citt\u00e0 italiane, il modo di vivere all\u2019italiana.<\/p>\n<p>Ringrazio ancora una volta gli organizzatori e lo staff del Prince Hotel per questa importante iniziativa di promozione dell\u2019Italia e rivolgo a tutti i miei migliori auguri di un grande successo.<\/p>\n<p>Buona Fiera, buona Italia!<\/p>\n","protected":false},"excerpt":{"rendered":"Buonasera a tutti, ben trovati. Sono molto felice di essere qui stasera alla cerimonia inaugurale della Fiera \u201cBuono! Buono!\u201d dedicata all\u2019Italia e alla straordinaria offerta enogastronomica e culturale del nostro Paese. Anche quest\u2019anno, per la quinta edizione, le porte degli alberghi Prince Hotels si aprono all\u2019Italia e ospitano per due mesi, dal 1 febbraio al [&hellip;]","protected":false},"author":1,"featured_media":0,"parent":272,"menu_order":0,"comment_status":"closed","ping_status":"closed","template":"","meta":{"footnotes":""},"class_list":["post-1961","page","type-page","status-publish","hentry"],"_links":{"self":[{"href":"https:\/\/ambtokyo.esteri.it\/it\/wp-json\/wp\/v2\/pages\/1961","targetHints":{"allow":["GET"]}}],"collection":[{"href":"https:\/\/ambtokyo.esteri.it\/it\/wp-json\/wp\/v2\/pages"}],"about":[{"href":"https:\/\/ambtokyo.esteri.it\/it\/wp-json\/wp\/v2\/types\/page"}],"author":[{"embeddable":true,"href":"https:\/\/ambtokyo.esteri.it\/it\/wp-json\/wp\/v2\/users\/1"}],"replies":[{"embeddable":true,"href":"https:\/\/ambtokyo.esteri.it\/it\/wp-json\/wp\/v2\/comments?post=1961"}],"version-history":[{"count":0,"href":"https:\/\/ambtokyo.esteri.it\/it\/wp-json\/wp\/v2\/pages\/1961\/revisions"}],"up":[{"embeddable":true,"href":"https:\/\/ambtokyo.esteri.it\/it\/wp-json\/wp\/v2\/pages\/272"}],"wp:attachment":[{"href":"https:\/\/ambtokyo.esteri.it\/it\/wp-json\/wp\/v2\/media?parent=1961"}],"curies":[{"name":"wp","href":"https:\/\/api.w.org\/{rel}","templated":true}]}}

<p>Buonasera a tutti, ben trovati.</p>
<p>Sono molto felice di essere qui stasera alla cerimonia inaugurale della Fiera “Buono! Buono!” dedicata all’Italia e alla straordinaria offerta enogastronomica e culturale del nostro Paese.</p>
<p>Anche quest’anno, per la quinta edizione, le porte degli alberghi Prince Hotels si aprono all’Italia e ospitano per due mesi, dal 1 febbraio al 31 marzo, i sapori e i colori della nostra tradizione.</p>
<p>Permettetemi di rivolgere un ringraziamento speciale al Prince Hotel e, in particolare, al General Manager responsabile dell’area di Tokyo, Takei Hisaaki, che ringrazio per questa splendida serata e per l’invito a essere qui.</p>
<p>Desidero esprimere la mia grande soddisfazione per il successo riscontrato nelle passate edizioni e mi auguro che anche quest’anno il pubblico giapponese e gli ospiti del Prince Hotel possano apprezzare le eccellenze del nostro Made in Italy.</p>
<p>Il programma di eventi in calendario e le tante iniziative che si terranno nella splendida cornice dei Prince Hotel si concentrano, quest’anno, non solo sulla tradizione culinaria italiana, ma su ciò che noi chiamiamo il “Vivere all’Italiana”, l’Italian way of Life.</p>
<p>Spettacoli di musica, serate dedicate alle tradizioni regionali, gadget realizzati in collaborazione con alcuni tra i più noti brand italiani, sono solo parte delle iniziative che popoleranno la Fiera italiana 2022.</p>
<p>Il pubblico giapponese, sofisticato e attento, da sempre apprezza l’unicità della nostra cucina e la qualità dei nostri prodotti agroalimentari, ma è in forte crescita – e ne siamo molto felici &#8211; anche l’interesse, la curiosità e l’entusiasmo per il design italiano e per l’alta gamma che, dalla moda alla gioielleria, sono espressione del migliore Made in Italy.</p>
<p>Il mio augurio è che gli amici giapponesi possano apprezzare, sempre più e sempre più numerosi, la nostra variegata offerta e che possano presto sperimentare, di persona, in una delle meravigliose città italiane, il modo di vivere all’italiana.</p>
<p>Ringrazio ancora una volta gli organizzatori e lo staff del Prince Hotel per questa importante iniziativa di promozione dell’Italia e rivolgo a tutti i miei migliori auguri di un grande successo.</p>
<p>Buona Fiera, buona Italia!</p>
