{"id":3118,"date":"2023-06-05T06:00:27","date_gmt":"2023-06-05T04:00:27","guid":{"rendered":"https:\/\/ambtokyo.esteri.it\/?page_id=3118"},"modified":"2023-06-05T06:00:27","modified_gmt":"2023-06-05T04:00:27","slug":"intervento-dellambasciatore-ditalia-gianluigi-benedetti-in-occasione-della-festa-della-repubblica-tokyo-3-giugno-2023","status":"publish","type":"page","link":"https:\/\/ambtokyo.esteri.it\/it\/chi-siamo\/ambasciatore\/discorsi-dellambasciatore__trashed\/intervento-dellambasciatore-ditalia-gianluigi-benedetti-in-occasione-della-festa-della-repubblica-tokyo-3-giugno-2023\/","title":{"rendered":"Intervento dell\u2019Ambasciatore d\u2019Italia, Gianluigi Benedetti, in occasione della Festa della Repubblica (Tokyo, 3 giugno 2023)"},"content":{"rendered":"<p>Onorevole Amari, autorit\u00e0, gentili ospiti giapponesi, cari connazionali,<\/p>\n<p>&nbsp;<\/p>\n<p>vi ringrazio per essere qui oggi insieme a me, alla mia famiglia e a tutto il personale dell\u2019Ambasciata e del Sistema Italia in Giappone per festeggiare il settantasettesimo anniversario della fondazione della Repubblica italiana.<\/p>\n<p>&nbsp;<\/p>\n<p>Ricordare e onorare questo giorno assume un valore speciale man mano che cresce la distanza nel tempo da un evento che ha cambiato la storia dell\u2019Italia. Un cambiamento che ci definisce sin dall\u2019articolo 1 della nostra Costituzione: l\u2019Italia \u00e8 una Repubblica.<\/p>\n<p>&nbsp;<\/p>\n<p>E dall\u2019essere una Repubblica discendono i principali diritti e doveri di noi cittadini: la partecipazione alla vita democratica, la libert\u00e0 di esprimere il proprio pensiero, il rispetto delle differenze, le garanzie dello stato di diritto, la promozione dell\u2019iniziativa economica, la solidariet\u00e0 sociale, l\u2019accesso all\u2019istruzione e alla cultura.<\/p>\n<p>&nbsp;<\/p>\n<p>Se la Guerra ci ha portato a fare nostri questi valori, ancor di pi\u00f9 dobbiamo essere pronti a difenderli oggi, per noi stessi e per le generazioni future sia nel nostro Paese sia, al fianco dei nostri alleati, dalla sopraffazione e dalla violenza di chi vorrebbe riportare le relazioni tra Stati alla legge del pi\u00f9 forte.<\/p>\n<p>&nbsp;<\/p>\n<p>In questa sfida, siamo orgogliosi di poter avere dalla stessa parte molti Paesi e soprattutto il Giappone. A esso ci unisce un legame che i rispettivi capi di Governo, Meloni e Kishida, hanno definito nel gennaio scorso un \u201cpartenariato strategico\u201d.<\/p>\n<p>&nbsp;<\/p>\n<p>Il 2023 \u00e8 quindi senza dubbio un anno eccezionale e il nostro impegno quotidiano \u00e8 rivolto a rafforzare sempre di pi\u00f9 le relazioni bilaterali, approfondendo il dialogo sul piano politico e della sicurezza, rilanciando la cooperazione scientifica e tecnologica e promuovendo nuovi e piu\u2019 stretti partenariati commerciali e industriali, soprattutto nei settori dell\u2019alta tecnologia.<\/p>\n<p>&nbsp;<\/p>\n<p>Grazie alla Presidenza giapponese del G7, entro fine anno quasi tutti i Ministri saranno venuti qui per approfondire la cooperazione settoriale e per affrontare i temi globali.<\/p>\n<p>&nbsp;<\/p>\n<p>Inoltre, il definitivo superamento della crisi pandemica sta consentendo una decisa ripresa delle iniziative culturali, sia grazie ai programmi dell\u2019Istituto di Cultura, sia per il ritorno in Giappone delle nostre migliori istituzioni artistiche e museali, dei nostri direttori d\u2019orchestra, di eminenti artisti, scrittori, architetti, designer, registi e attori di primo piano. Ne cito solo uno, scusandomi con tutti gli altri, per le sue regolari e applauditissime rappresentazioni: il Maestro Riccardo Muti.<\/p>\n<p>&nbsp;<\/p>\n<p>Tutto questo rafforzamento dei rapporti, ne sono convinto, non sarebbe possibile senza la presenza in Giappone di una comunit\u00e0 italiana solida e strutturata, prospera, talentuosa e operosa, che in ogni ambito professionale si afferma e si contraddistingue per portare in Giappone l\u2019eccellenza del saper fare, della cultura, della scienza, della creativit\u00e0 e della tecnologia italiane.<\/p>\n<p>&nbsp;<\/p>\n<p>Una comunit\u00e0 in continua crescita, che dallo scorso anno pu\u00f2 contare anche su un Comitato degli Italiani all\u2019estero, il Comites, per rappresentare alle istituzioni le necessit\u00e0 e le aspettative degli italiani qui residenti.<\/p>\n<p>&nbsp;<\/p>\n<p>Concludo ringraziando quanti hanno voluto sostenerci nella preparazione di questo importante evento e invito tutti a degustare alcune delle specialit\u00e0 della nostra cucina che hanno reso l\u2019Italia famosa nel mondo ad ammirare lo spettacolo di fuochi d\u2019artificio offerto da Ojiya Fireworks.<\/p>\n<p>&nbsp;<\/p>\n<p>Vi invito inoltre ad approfittare della promozione speciale che ITA Airways ha messo a disposizione per i voli diretti su Roma in questa speciale ricorrenza. Un gesto concreto per rendere l\u2019Italia che tutti noi tanto amiamo pi\u00f9 vicina.<\/p>\n<p>&nbsp;<\/p>\n<p>Viva la Repubblica! Viva l\u2019Italia!<\/p>\n","protected":false},"excerpt":{"rendered":"Onorevole Amari, autorit\u00e0, gentili ospiti giapponesi, cari connazionali, &nbsp; vi ringrazio per essere qui oggi insieme a me, alla mia famiglia e a tutto il personale dell\u2019Ambasciata e del Sistema Italia in Giappone per festeggiare il settantasettesimo anniversario della fondazione della Repubblica italiana. &nbsp; Ricordare e onorare questo giorno assume un valore speciale man mano [&hellip;]","protected":false},"author":6,"featured_media":0,"parent":272,"menu_order":0,"comment_status":"closed","ping_status":"closed","template":"","meta":{"footnotes":""},"class_list":["post-3118","page","type-page","status-publish","hentry"],"_links":{"self":[{"href":"https:\/\/ambtokyo.esteri.it\/it\/wp-json\/wp\/v2\/pages\/3118","targetHints":{"allow":["GET"]}}],"collection":[{"href":"https:\/\/ambtokyo.esteri.it\/it\/wp-json\/wp\/v2\/pages"}],"about":[{"href":"https:\/\/ambtokyo.esteri.it\/it\/wp-json\/wp\/v2\/types\/page"}],"author":[{"embeddable":true,"href":"https:\/\/ambtokyo.esteri.it\/it\/wp-json\/wp\/v2\/users\/6"}],"replies":[{"embeddable":true,"href":"https:\/\/ambtokyo.esteri.it\/it\/wp-json\/wp\/v2\/comments?post=3118"}],"version-history":[{"count":0,"href":"https:\/\/ambtokyo.esteri.it\/it\/wp-json\/wp\/v2\/pages\/3118\/revisions"}],"up":[{"embeddable":true,"href":"https:\/\/ambtokyo.esteri.it\/it\/wp-json\/wp\/v2\/pages\/272"}],"wp:attachment":[{"href":"https:\/\/ambtokyo.esteri.it\/it\/wp-json\/wp\/v2\/media?parent=3118"}],"curies":[{"name":"wp","href":"https:\/\/api.w.org\/{rel}","templated":true}]}}

<p>Onorevole Amari, autorità, gentili ospiti giapponesi, cari connazionali,</p>
<p>&nbsp;</p>
<p>vi ringrazio per essere qui oggi insieme a me, alla mia famiglia e a tutto il personale dell’Ambasciata e del Sistema Italia in Giappone per festeggiare il settantasettesimo anniversario della fondazione della Repubblica italiana.</p>
<p>&nbsp;</p>
<p>Ricordare e onorare questo giorno assume un valore speciale man mano che cresce la distanza nel tempo da un evento che ha cambiato la storia dell’Italia. Un cambiamento che ci definisce sin dall’articolo 1 della nostra Costituzione: l’Italia è una Repubblica.</p>
<p>&nbsp;</p>
<p>E dall’essere una Repubblica discendono i principali diritti e doveri di noi cittadini: la partecipazione alla vita democratica, la libertà di esprimere il proprio pensiero, il rispetto delle differenze, le garanzie dello stato di diritto, la promozione dell’iniziativa economica, la solidarietà sociale, l’accesso all’istruzione e alla cultura.</p>
<p>&nbsp;</p>
<p>Se la Guerra ci ha portato a fare nostri questi valori, ancor di più dobbiamo essere pronti a difenderli oggi, per noi stessi e per le generazioni future sia nel nostro Paese sia, al fianco dei nostri alleati, dalla sopraffazione e dalla violenza di chi vorrebbe riportare le relazioni tra Stati alla legge del più forte.</p>
<p>&nbsp;</p>
<p>In questa sfida, siamo orgogliosi di poter avere dalla stessa parte molti Paesi e soprattutto il Giappone. A esso ci unisce un legame che i rispettivi capi di Governo, Meloni e Kishida, hanno definito nel gennaio scorso un “partenariato strategico”.</p>
<p>&nbsp;</p>
<p>Il 2023 è quindi senza dubbio un anno eccezionale e il nostro impegno quotidiano è rivolto a rafforzare sempre di più le relazioni bilaterali, approfondendo il dialogo sul piano politico e della sicurezza, rilanciando la cooperazione scientifica e tecnologica e promuovendo nuovi e piu’ stretti partenariati commerciali e industriali, soprattutto nei settori dell’alta tecnologia.</p>
<p>&nbsp;</p>
<p>Grazie alla Presidenza giapponese del G7, entro fine anno quasi tutti i Ministri saranno venuti qui per approfondire la cooperazione settoriale e per affrontare i temi globali.</p>
<p>&nbsp;</p>
<p>Inoltre, il definitivo superamento della crisi pandemica sta consentendo una decisa ripresa delle iniziative culturali, sia grazie ai programmi dell’Istituto di Cultura, sia per il ritorno in Giappone delle nostre migliori istituzioni artistiche e museali, dei nostri direttori d’orchestra, di eminenti artisti, scrittori, architetti, designer, registi e attori di primo piano. Ne cito solo uno, scusandomi con tutti gli altri, per le sue regolari e applauditissime rappresentazioni: il Maestro Riccardo Muti.</p>
<p>&nbsp;</p>
<p>Tutto questo rafforzamento dei rapporti, ne sono convinto, non sarebbe possibile senza la presenza in Giappone di una comunità italiana solida e strutturata, prospera, talentuosa e operosa, che in ogni ambito professionale si afferma e si contraddistingue per portare in Giappone l’eccellenza del saper fare, della cultura, della scienza, della creatività e della tecnologia italiane.</p>
<p>&nbsp;</p>
<p>Una comunità in continua crescita, che dallo scorso anno può contare anche su un Comitato degli Italiani all’estero, il Comites, per rappresentare alle istituzioni le necessità e le aspettative degli italiani qui residenti.</p>
<p>&nbsp;</p>
<p>Concludo ringraziando quanti hanno voluto sostenerci nella preparazione di questo importante evento e invito tutti a degustare alcune delle specialità della nostra cucina che hanno reso l’Italia famosa nel mondo ad ammirare lo spettacolo di fuochi d’artificio offerto da Ojiya Fireworks.</p>
<p>&nbsp;</p>
<p>Vi invito inoltre ad approfittare della promozione speciale che ITA Airways ha messo a disposizione per i voli diretti su Roma in questa speciale ricorrenza. Un gesto concreto per rendere l’Italia che tutti noi tanto amiamo più vicina.</p>
<p>&nbsp;</p>
<p>Viva la Repubblica! Viva l’Italia!</p>

Onorevole Amari, autorità, gentili ospiti giapponesi, cari connazionali, &nbsp; vi ringrazio per essere qui oggi insieme a me, alla mia famiglia e a tutto il personale dell’Ambasciata e del Sistema Italia in Giappone per festeggiare il settantasettesimo anniversario della fondazione della Repubblica italiana. &nbsp; Ricordare e onorare questo giorno assume un valore speciale man mano [&hellip;]
