{"id":4736,"date":"2024-05-17T01:26:32","date_gmt":"2024-05-16T23:26:32","guid":{"rendered":"https:\/\/ambtokyo.esteri.it\/?page_id=4736"},"modified":"2024-05-17T01:26:32","modified_gmt":"2024-05-16T23:26:32","slug":"intervento-dellambasciatore-ditalia-gianluigi-benedetti-in-occasione-dellevento-ita-airways-tokyo-16-maggio-2024","status":"publish","type":"page","link":"https:\/\/ambtokyo.esteri.it\/it\/chi-siamo\/ambasciatore\/discorsi-dellambasciatore__trashed\/intervento-dellambasciatore-ditalia-gianluigi-benedetti-in-occasione-dellevento-ita-airways-tokyo-16-maggio-2024\/","title":{"rendered":"Intervento dell&#8217;Ambasciatore d&#8217;Italia, Gianluigi Benedetti, in occasione dell&#8217;evento ITA-Airways (Tokyo, 16 maggio 2024)"},"content":{"rendered":"<p>Gentili ospiti, Signore e Signori, buona sera e benvenuti, da parte mia e di mia moglie Sabina, nella Residenza dell\u2019Ambasciatore d\u2019Italia a Tokyo, questo bellissimo edificio della met\u00e0 degli anni \u201960, impreziosito da importanti opere d\u2019arte contemporanea italiana e reso unico dallo splendido giardino di epoca Edo alle vostre spalle.<\/p>\n<p>&nbsp;<\/p>\n<p>Saluto e ringrazio, anzitutto, Fabio Bigotti, Responsabile ITA Airways in Giappone, tutto il team ITA presente questa sera e il Dott. Carino, Vice Presidente International Sales di ITA Airways, che ci ha raggiunto dall\u2019Italia per questa serata speciale.<\/p>\n<p>&nbsp;<\/p>\n<p>Poco pi\u00f9 di un anno fa, nel novembre del 2022, celebravamo proprio qui, il nuovo volo ITA che ha segnato la ripresa dei collegamenti diretti tra Roma e Tokyo, dando il via &#8211; oggi possiamo dirlo &#8211; a un nuovo capitolo nella storia delle relazioni tra Italia e Giappone.<\/p>\n<p>&nbsp;<\/p>\n<p>Il ripristino della tratta Fiumicino-Haneda ha rappresentato un vero e proprio momento di svolta. Lo \u00e8 stato certamente per ITA Airways, per cui la rotta verso il Giappone riveste prioritaria importanza, ma lo \u00e8 stato anche per le comunit\u00e0 di affari e i turisti dei due Paesi che beneficiano di un servizio impareggiabile che unisce Italia e Giappone nel minor tempo possibile.<\/p>\n<p>&nbsp;<\/p>\n<p>Nel corso del 2023, i turisti italiani in Giappone sono arrivati a toccare la soglia dei 152.000 a fronte dei 23.000 del 2022. Un <em>trend<\/em> straordinariamente positivo che si riflette nei dati pi\u00f9 recenti: basti pensare che solo nel mese di marzo il numero di turisti italiani \u00e8 aumentato del 91% rispetto allo stesso mese dello scorso anno.<\/p>\n<p>&nbsp;<\/p>\n<p>Ma questo impulso positivo trova conferma anche nei flussi in uscita che nell\u2019ultimo anno sono addirittura raddoppiati, portando in Italia nel 2023 ben 262.000 turisti giapponesi.<\/p>\n<p>&nbsp;<\/p>\n<p>La ripartenza dei viaggi, turistici e d\u2019affari, che ITA Airways ha cos\u00ec fortemente supportato e promosso, ci rende molto orgogliosi. Il volo diretto, con l\u2019altissima qualit\u00e0 dell\u2019aeromobile e del servizio, \u00e8 infatti una componente fondamentale per poter facilitare la mobilit\u00e0 delle persone tra Italia e Giappone e quindi contribuire al rafforzamento, ampliamento e sviluppo delle nostre relazioni in tutti i settori.<\/p>\n<p>&nbsp;<\/p>\n<p>Tutta la nostra attivit\u00e0 istituzionale e di promozione negli ultimi due anni \u00e8 stata mirata a questo obiettivo di rilancio del partenariato tra Italia e Giappone e ITA Airways ha giocato un ruolo determinante, investendo con convinzione e, soprattutto, assicurando con estrema rapidit\u00e0 la frequenza giornaliera del volo.<\/p>\n<p>&nbsp;<\/p>\n<p>Questo impegno a migliorare continuamente \u00e8 confermato dall\u2019evento di oggi e da alcune novit\u00e0 che avremo il piacere di scoprire molto presto. Non aggiungo altro, ma prima di lasciare la parola a Fabio Bigotti, consentitemi di ringraziare tutti voi per essere qui stasera e di rivolgere a ITA Airways i miei migliori auguri per i prossimi passi.<\/p>\n<p>&nbsp;<\/p>\n<p>Grazie mille e buona serata a tutti.<\/p>\n","protected":false},"excerpt":{"rendered":"Gentili ospiti, Signore e Signori, buona sera e benvenuti, da parte mia e di mia moglie Sabina, nella Residenza dell\u2019Ambasciatore d\u2019Italia a Tokyo, questo bellissimo edificio della met\u00e0 degli anni \u201960, impreziosito da importanti opere d\u2019arte contemporanea italiana e reso unico dallo splendido giardino di epoca Edo alle vostre spalle. &nbsp; Saluto e ringrazio, anzitutto, [&hellip;]","protected":false},"author":6,"featured_media":0,"parent":272,"menu_order":0,"comment_status":"closed","ping_status":"closed","template":"","meta":{"footnotes":""},"class_list":["post-4736","page","type-page","status-publish","hentry"],"_links":{"self":[{"href":"https:\/\/ambtokyo.esteri.it\/it\/wp-json\/wp\/v2\/pages\/4736","targetHints":{"allow":["GET"]}}],"collection":[{"href":"https:\/\/ambtokyo.esteri.it\/it\/wp-json\/wp\/v2\/pages"}],"about":[{"href":"https:\/\/ambtokyo.esteri.it\/it\/wp-json\/wp\/v2\/types\/page"}],"author":[{"embeddable":true,"href":"https:\/\/ambtokyo.esteri.it\/it\/wp-json\/wp\/v2\/users\/6"}],"replies":[{"embeddable":true,"href":"https:\/\/ambtokyo.esteri.it\/it\/wp-json\/wp\/v2\/comments?post=4736"}],"version-history":[{"count":1,"href":"https:\/\/ambtokyo.esteri.it\/it\/wp-json\/wp\/v2\/pages\/4736\/revisions"}],"predecessor-version":[{"id":4738,"href":"https:\/\/ambtokyo.esteri.it\/it\/wp-json\/wp\/v2\/pages\/4736\/revisions\/4738"}],"up":[{"embeddable":true,"href":"https:\/\/ambtokyo.esteri.it\/it\/wp-json\/wp\/v2\/pages\/272"}],"wp:attachment":[{"href":"https:\/\/ambtokyo.esteri.it\/it\/wp-json\/wp\/v2\/media?parent=4736"}],"curies":[{"name":"wp","href":"https:\/\/api.w.org\/{rel}","templated":true}]}}

<p>Gentili ospiti, Signore e Signori, buona sera e benvenuti, da parte mia e di mia moglie Sabina, nella Residenza dell’Ambasciatore d’Italia a Tokyo, questo bellissimo edificio della metà degli anni ’60, impreziosito da importanti opere d’arte contemporanea italiana e reso unico dallo splendido giardino di epoca Edo alle vostre spalle.</p>
<p>&nbsp;</p>
<p>Saluto e ringrazio, anzitutto, Fabio Bigotti, Responsabile ITA Airways in Giappone, tutto il team ITA presente questa sera e il Dott. Carino, Vice Presidente International Sales di ITA Airways, che ci ha raggiunto dall’Italia per questa serata speciale.</p>
<p>&nbsp;</p>
<p>Poco più di un anno fa, nel novembre del 2022, celebravamo proprio qui, il nuovo volo ITA che ha segnato la ripresa dei collegamenti diretti tra Roma e Tokyo, dando il via &#8211; oggi possiamo dirlo &#8211; a un nuovo capitolo nella storia delle relazioni tra Italia e Giappone.</p>
<p>&nbsp;</p>
<p>Il ripristino della tratta Fiumicino-Haneda ha rappresentato un vero e proprio momento di svolta. Lo è stato certamente per ITA Airways, per cui la rotta verso il Giappone riveste prioritaria importanza, ma lo è stato anche per le comunità di affari e i turisti dei due Paesi che beneficiano di un servizio impareggiabile che unisce Italia e Giappone nel minor tempo possibile.</p>
<p>&nbsp;</p>
<p>Nel corso del 2023, i turisti italiani in Giappone sono arrivati a toccare la soglia dei 152.000 a fronte dei 23.000 del 2022. Un <em>trend</em> straordinariamente positivo che si riflette nei dati più recenti: basti pensare che solo nel mese di marzo il numero di turisti italiani è aumentato del 91% rispetto allo stesso mese dello scorso anno.</p>
<p>&nbsp;</p>
<p>Ma questo impulso positivo trova conferma anche nei flussi in uscita che nell’ultimo anno sono addirittura raddoppiati, portando in Italia nel 2023 ben 262.000 turisti giapponesi.</p>
<p>&nbsp;</p>
<p>La ripartenza dei viaggi, turistici e d’affari, che ITA Airways ha così fortemente supportato e promosso, ci rende molto orgogliosi. Il volo diretto, con l’altissima qualità dell’aeromobile e del servizio, è infatti una componente fondamentale per poter facilitare la mobilità delle persone tra Italia e Giappone e quindi contribuire al rafforzamento, ampliamento e sviluppo delle nostre relazioni in tutti i settori.</p>
<p>&nbsp;</p>
<p>Tutta la nostra attività istituzionale e di promozione negli ultimi due anni è stata mirata a questo obiettivo di rilancio del partenariato tra Italia e Giappone e ITA Airways ha giocato un ruolo determinante, investendo con convinzione e, soprattutto, assicurando con estrema rapidità la frequenza giornaliera del volo.</p>
<p>&nbsp;</p>
<p>Questo impegno a migliorare continuamente è confermato dall’evento di oggi e da alcune novità che avremo il piacere di scoprire molto presto. Non aggiungo altro, ma prima di lasciare la parola a Fabio Bigotti, consentitemi di ringraziare tutti voi per essere qui stasera e di rivolgere a ITA Airways i miei migliori auguri per i prossimi passi.</p>
<p>&nbsp;</p>
<p>Grazie mille e buona serata a tutti.</p>

Gentili ospiti, Signore e Signori, buona sera e benvenuti, da parte mia e di mia moglie Sabina, nella Residenza dell’Ambasciatore d’Italia a Tokyo, questo bellissimo edificio della metà degli anni ’60, impreziosito da importanti opere d’arte contemporanea italiana e reso unico dallo splendido giardino di epoca Edo alle vostre spalle. &nbsp; Saluto e ringrazio, anzitutto, [&hellip;]
