{"id":5238,"date":"2024-09-01T07:16:54","date_gmt":"2024-09-01T05:16:54","guid":{"rendered":"https:\/\/ambtokyo.esteri.it\/?page_id=5238"},"modified":"2024-09-19T07:20:09","modified_gmt":"2024-09-19T05:20:09","slug":"intervento-dellambasciatore-ditalia-gianluigi-benedetti-in-occasione-del-ricevimento-organizzato-per-il-vice-ministro-delle-imprese-e-del-made-in-italy-on-valentino-valentini-tokyo-29-agosto","status":"publish","type":"page","link":"https:\/\/ambtokyo.esteri.it\/it\/chi-siamo\/ambasciatore\/discorsi-dellambasciatore__trashed\/intervento-dellambasciatore-ditalia-gianluigi-benedetti-in-occasione-del-ricevimento-organizzato-per-il-vice-ministro-delle-imprese-e-del-made-in-italy-on-valentino-valentini-tokyo-29-agosto\/","title":{"rendered":"Intervento dell&#8217;Ambasciatore d&#8217;Italia, Gianluigi Benedetti, in occasione del ricevimento organizzato per il Vice Ministro delle Imprese e del Made in Italy, On. Valentino Valentini (Tokyo, 29 agosto 2024)"},"content":{"rendered":"<p>Onorevole Vice Ministro delle Imprese e del Made in Italy Valentino Valentini, rappresentanti delle aziende italiane e giapponesi, rivolgo a tutti voi il mio pi\u00f9 caloroso benvenuto nella splendida Residenza dell\u2019Ambasciata d\u2019Italia a Tokyo, circondata da uno storico giardino realizzato nei primi decenni del 1600 dalla famiglia feudale Matsudaira.<\/p>\n<p>&nbsp;<\/p>\n<p>Ancora oggi \u00e8 considerato un luogo di importanza storica e culturale per essere stato nel 1703 uno dei giardini del sacrificio dei Samurai di Ako raccontato nell\u2019opera teatrale Chushingura.<\/p>\n<p>&nbsp;<\/p>\n<p>A seguito del grande terremoto di Tokyo del 1923, quando le Ambasciate si spostarono a Mita per lasciare posto alla ricostruzione della citt\u00e0, questo luogo cos\u00ec importante e significativo \u00e8 stato offerto all\u2019Ambasciata d\u2019Italia, suggellando l\u2019amicizia tra i nostri Paesi sviluppata a partire dal primo Trattato del 1866.<\/p>\n<p>&nbsp;<\/p>\n<p>Questo rapporto stretto e amichevole che lega i nostri Paesi da oltre 150 anni \u00e8 oggi ancora pi\u00f9 forte grazie alla decisione, assunta dai Primi Ministri Giorgia Meloni e Fumio Kishida nel gennaio 2023, di elevare le relazioni bilaterali a partenariato strategico.<\/p>\n<p>&nbsp;<\/p>\n<p>Questa decisione ha aperto una \u201cnuova era\u201d \u2013 Shin Jidai \u2013 i cui obiettivi di lungo termine sono stati chiaramente definiti in un Piano d\u2019Azione approvato pochi mesi fa.<\/p>\n<p>&nbsp;<\/p>\n<p>Tra gli obiettivi principali, spicca il rafforzamento delle relazioni economiche e industriali. Collaborare per garantire la sicurezza economica, promuovere gli investimenti diretti reciproci, favorire i partenariati tra aziende, incentivare i progetti di ricerca industriali, aiutare lo sviluppo delle aziende pi\u00f9 piccole e pi\u00f9 giovani e soprattutto avviare un dialogo strategico tra i Ministeri competenti, sono le principali azioni previste.<\/p>\n<p>&nbsp;<\/p>\n<p>Sei sono i settori prioritari individuati insieme agli amici giapponesi: mobilit\u00e0 e trasporti, energia e transizione verde, aerospazio, chimica e farmaceutica, tecnologie digitali e elettroniche e agritech.<\/p>\n<p>&nbsp;<\/p>\n<p>Gli sforzi congiunti fino a oggi messi in campo dai nostri Ministeri stanno dando i primi risultati. Abbiamo registrato alcuni nuovi investimenti nei due Paesi e una netta crescita del numero delle aziende interessate a partecipare agli incontri annuali dell\u2019<em>Italy Japan Business Group<\/em> e a quelli settoriali, gli <em>Italy Innovation Days<\/em>, che l\u2019Ambasciata organizza regolarmente.<\/p>\n<p>&nbsp;<\/p>\n<p>Signor Vice Ministro, la sua missione a Tokyo in occasione di una grande iniziativa promozionale dell\u2019Italia che affianca la storica prima sosta in Giappone dell\u2019Amerigo Vespucci &#8211; un Ambasciatore itinerante dell\u2019Italia come lei stessa l\u2019ha definita &#8211; e l\u2019incontro oggi con il suo omologo del METI, ha segnato un momento importante in questo percorso di rafforzamento della dimensione economica e industriale del nostro partenariato.<\/p>\n<p>&nbsp;<\/p>\n<p>Penso di poter interpretare i sentimenti di tutti gli imprenditori presenti esprimendole il nostro pi\u00f9 sincero ringraziamento per la sua visita e l\u2019apprezzamento per l\u2019impegno a dare concretezza e imprimere la necessaria accelerazione allo sviluppo delle relazioni economiche e industriali tra Italia e Giappone.<\/p>\n<p>&nbsp;<\/p>\n<p>Ringrazio i presenti per la vostra significativa disponibilit\u00e0 a incontrare il Vice Ministro e concludo ricordando il motto dell\u2019Amerigo Vespucci, che a tutti noi che crediamo nella possibilit\u00e0 di un grande rafforzamento dell\u2019amicizia e delle relazioni tra Italia e Giappone ricorda chiaramente la strada che abbiamo davanti: \u201c<em>Non chi comincia, ma quel che persevera<\/em>\u201d.<\/p>\n<p>&nbsp;<\/p>\n<p>Viva l\u2019Italia, viva il Giappone!<\/p>\n","protected":false},"excerpt":{"rendered":"Onorevole Vice Ministro delle Imprese e del Made in Italy Valentino Valentini, rappresentanti delle aziende italiane e giapponesi, rivolgo a tutti voi il mio pi\u00f9 caloroso benvenuto nella splendida Residenza dell\u2019Ambasciata d\u2019Italia a Tokyo, circondata da uno storico giardino realizzato nei primi decenni del 1600 dalla famiglia feudale Matsudaira. &nbsp; Ancora oggi \u00e8 considerato un [&hellip;]","protected":false},"author":6,"featured_media":0,"parent":272,"menu_order":0,"comment_status":"closed","ping_status":"closed","template":"","meta":{"footnotes":""},"class_list":["post-5238","page","type-page","status-publish","hentry"],"_links":{"self":[{"href":"https:\/\/ambtokyo.esteri.it\/it\/wp-json\/wp\/v2\/pages\/5238","targetHints":{"allow":["GET"]}}],"collection":[{"href":"https:\/\/ambtokyo.esteri.it\/it\/wp-json\/wp\/v2\/pages"}],"about":[{"href":"https:\/\/ambtokyo.esteri.it\/it\/wp-json\/wp\/v2\/types\/page"}],"author":[{"embeddable":true,"href":"https:\/\/ambtokyo.esteri.it\/it\/wp-json\/wp\/v2\/users\/6"}],"replies":[{"embeddable":true,"href":"https:\/\/ambtokyo.esteri.it\/it\/wp-json\/wp\/v2\/comments?post=5238"}],"version-history":[{"count":1,"href":"https:\/\/ambtokyo.esteri.it\/it\/wp-json\/wp\/v2\/pages\/5238\/revisions"}],"predecessor-version":[{"id":5240,"href":"https:\/\/ambtokyo.esteri.it\/it\/wp-json\/wp\/v2\/pages\/5238\/revisions\/5240"}],"up":[{"embeddable":true,"href":"https:\/\/ambtokyo.esteri.it\/it\/wp-json\/wp\/v2\/pages\/272"}],"wp:attachment":[{"href":"https:\/\/ambtokyo.esteri.it\/it\/wp-json\/wp\/v2\/media?parent=5238"}],"curies":[{"name":"wp","href":"https:\/\/api.w.org\/{rel}","templated":true}]}}

<p>Onorevole Vice Ministro delle Imprese e del Made in Italy Valentino Valentini, rappresentanti delle aziende italiane e giapponesi, rivolgo a tutti voi il mio più caloroso benvenuto nella splendida Residenza dell’Ambasciata d’Italia a Tokyo, circondata da uno storico giardino realizzato nei primi decenni del 1600 dalla famiglia feudale Matsudaira.</p>
<p>&nbsp;</p>
<p>Ancora oggi è considerato un luogo di importanza storica e culturale per essere stato nel 1703 uno dei giardini del sacrificio dei Samurai di Ako raccontato nell’opera teatrale Chushingura.</p>
<p>&nbsp;</p>
<p>A seguito del grande terremoto di Tokyo del 1923, quando le Ambasciate si spostarono a Mita per lasciare posto alla ricostruzione della città, questo luogo così importante e significativo è stato offerto all’Ambasciata d’Italia, suggellando l’amicizia tra i nostri Paesi sviluppata a partire dal primo Trattato del 1866.</p>
<p>&nbsp;</p>
<p>Questo rapporto stretto e amichevole che lega i nostri Paesi da oltre 150 anni è oggi ancora più forte grazie alla decisione, assunta dai Primi Ministri Giorgia Meloni e Fumio Kishida nel gennaio 2023, di elevare le relazioni bilaterali a partenariato strategico.</p>
<p>&nbsp;</p>
<p>Questa decisione ha aperto una “nuova era” – Shin Jidai – i cui obiettivi di lungo termine sono stati chiaramente definiti in un Piano d’Azione approvato pochi mesi fa.</p>
<p>&nbsp;</p>
<p>Tra gli obiettivi principali, spicca il rafforzamento delle relazioni economiche e industriali. Collaborare per garantire la sicurezza economica, promuovere gli investimenti diretti reciproci, favorire i partenariati tra aziende, incentivare i progetti di ricerca industriali, aiutare lo sviluppo delle aziende più piccole e più giovani e soprattutto avviare un dialogo strategico tra i Ministeri competenti, sono le principali azioni previste.</p>
<p>&nbsp;</p>
<p>Sei sono i settori prioritari individuati insieme agli amici giapponesi: mobilità e trasporti, energia e transizione verde, aerospazio, chimica e farmaceutica, tecnologie digitali e elettroniche e agritech.</p>
<p>&nbsp;</p>
<p>Gli sforzi congiunti fino a oggi messi in campo dai nostri Ministeri stanno dando i primi risultati. Abbiamo registrato alcuni nuovi investimenti nei due Paesi e una netta crescita del numero delle aziende interessate a partecipare agli incontri annuali dell’<em>Italy Japan Business Group</em> e a quelli settoriali, gli <em>Italy Innovation Days</em>, che l’Ambasciata organizza regolarmente.</p>
<p>&nbsp;</p>
<p>Signor Vice Ministro, la sua missione a Tokyo in occasione di una grande iniziativa promozionale dell’Italia che affianca la storica prima sosta in Giappone dell’Amerigo Vespucci &#8211; un Ambasciatore itinerante dell’Italia come lei stessa l’ha definita &#8211; e l’incontro oggi con il suo omologo del METI, ha segnato un momento importante in questo percorso di rafforzamento della dimensione economica e industriale del nostro partenariato.</p>
<p>&nbsp;</p>
<p>Penso di poter interpretare i sentimenti di tutti gli imprenditori presenti esprimendole il nostro più sincero ringraziamento per la sua visita e l’apprezzamento per l’impegno a dare concretezza e imprimere la necessaria accelerazione allo sviluppo delle relazioni economiche e industriali tra Italia e Giappone.</p>
<p>&nbsp;</p>
<p>Ringrazio i presenti per la vostra significativa disponibilità a incontrare il Vice Ministro e concludo ricordando il motto dell’Amerigo Vespucci, che a tutti noi che crediamo nella possibilità di un grande rafforzamento dell’amicizia e delle relazioni tra Italia e Giappone ricorda chiaramente la strada che abbiamo davanti: “<em>Non chi comincia, ma quel che persevera</em>”.</p>
<p>&nbsp;</p>
<p>Viva l’Italia, viva il Giappone!</p>

Onorevole Vice Ministro delle Imprese e del Made in Italy Valentino Valentini, rappresentanti delle aziende italiane e giapponesi, rivolgo a tutti voi il mio più caloroso benvenuto nella splendida Residenza dell’Ambasciata d’Italia a Tokyo, circondata da uno storico giardino realizzato nei primi decenni del 1600 dalla famiglia feudale Matsudaira. &nbsp; Ancora oggi è considerato un [&hellip;]
