{"id":537,"date":"2022-06-11T02:43:36","date_gmt":"2022-06-11T00:43:36","guid":{"rendered":"https:\/\/ambtokyo.esteri.it\/?page_id=537"},"modified":"2022-10-05T10:45:09","modified_gmt":"2022-10-05T08:45:09","slug":"intervento-dellambasciatore-ditalia-gianluigi-benedetti-in-occasione-della-mostra-su-amedeo-modigliani-e-del-concerto-del-trio-italiano-al-museo-di-arte-di-nakanoshima-osaka-11-gi","status":"publish","type":"page","link":"https:\/\/ambtokyo.esteri.it\/it\/chi-siamo\/ambasciatore\/discorsi-dellambasciatore__trashed\/intervento-dellambasciatore-ditalia-gianluigi-benedetti-in-occasione-della-mostra-su-amedeo-modigliani-e-del-concerto-del-trio-italiano-al-museo-di-arte-di-nakanoshima-osaka-11-gi\/","title":{"rendered":"Intervento dell\u2019Ambasciatore d\u2019Italia, Gianluigi Benedetti in occasione della mostra su Amedeo Modigliani e del Concerto del Trio Italiano al Museo di Arte di Nakanoshima (Osaka, 11 giugno 2022)"},"content":{"rendered":"<div>\n<p>Signore e Signori,<\/p>\n<p>\u00c8 per me personalmente e per l\u2019Ambasciata d\u2019Italia motivo di orgoglio e soddisfazione che il Museo di Arte di Nakanoshima abbia scelto Amedeo Modigliani, gigante della pittura europea del Novecento, come artista al centro della mostra inaugurale della sua nuovissima e prestigiosa sede.<\/p>\n<p>La grande mostra presenta ben 40 opere del maestro livornese, attentamente scelte tra le pi\u00f9 famose, rappresentandone con compiutezza l\u2019itinerario artistico e biografico.<\/p>\n<p>Le opere di Modigliani vengono opportunamente affiancate da oltre sessanta opere di artisti di primo piano che con Modigliani furono in rapporto diretto o che ne furono influenzati.<\/p>\n<p>Si tratta di una mostra di assoluto rilievo, con uno spiccato carattere di rigorosa ricostruzione storico-artistica, da cui emerge un ritratto a tutto tondo di Modigliani e della sua epoca.<\/p>\n<p>Le opere qui raccolte manifestano quelle doti intuizionistiche e introspettive della ritrattistica di Modigliani, che rendono la sua arte inconfondibile, immediatamente riconoscibile, di incontestabile grandezza e di portata universale.<\/p>\n<p>Il Museo di Nakanoshima, che fa vanto di possedere, tra i pezzi di maggior pregio delle sue collezioni, il notissimo \u201cNu couch\u00e9 aux cheveux d\u00e9nou\u00e9s\u201d del 1917 di Modigliani, con questa mostra, a coronamento di circa trent\u2019anni di lavori preparatori, si colloca ormai autorevolmente tra le pi\u00f9 importanti istituzioni museali del Giappone.<\/p>\n<p>\u00c8 pertanto con grande piacere che ringrazio gli organizzatori della mostra, il Museo di Nakanoshima e lo Yomiuri Shimbun, per questa importantissima iniziativa.<\/p>\n<p>Desidero sottolineare anche che l\u2019Istituto Italiano di Cultura di Osaka, partecipa come partner speciale sia nel sostegno alla mostra sia nell\u2019organizzazione di due eventi celebrativi in questa \u201cEvent Hall\u201d del Museo: il concerto del Trio Italiano quest\u2019oggi e la conferenza del professore emerito di Estetica e notissimo critico d\u2019arte Okada Atsushi su \u201cGli occhi nei ritratti di Modigliani\u201d il 25 giugno.<\/p>\n<p>Mi \u00e8 gradito sottolineare come l\u2019iniziativa del Museo di Nakanoshima si sposi con la grande attenzione che l\u2019Ambasciata d\u2019Italia e il suo Istituto di Cultura, ma soprattutto il Consolato Generale e l\u2019Istituto di Cultura di Osaka hanno per il grande retaggio culturale, tecnologico e scientifico del Kansai e per le grandi potenzialit\u00e0 di dialogo fecondo e costruttivo tra l\u2019Italia e il Giappone.<\/p>\n<p>Saluto e ringrazio i prestigiosi musicisti che compongono il Trio e che egregiamente rappresentano la musica italiana in questo Paese, i violinisti Federico Agostini e Mauro Iurato e il pianista Giuseppe Mariotti, che eseguiranno un programma dedicato alla musica da camera nell\u2019epoca di Modigliani.<\/p>\n<p>Grazie a tutti i presenti e buon ascolto!<\/p>\n<\/div>\n","protected":false},"excerpt":{"rendered":"Signore e Signori, \u00c8 per me personalmente e per l\u2019Ambasciata d\u2019Italia motivo di orgoglio e soddisfazione che il Museo di Arte di Nakanoshima abbia scelto Amedeo Modigliani, gigante della pittura europea del Novecento, come artista al centro della mostra inaugurale della sua nuovissima e prestigiosa sede. La grande mostra presenta ben 40 opere del maestro [&hellip;]","protected":false},"author":6,"featured_media":0,"parent":272,"menu_order":0,"comment_status":"closed","ping_status":"closed","template":"","meta":{"footnotes":""},"class_list":["post-537","page","type-page","status-publish","hentry"],"_links":{"self":[{"href":"https:\/\/ambtokyo.esteri.it\/it\/wp-json\/wp\/v2\/pages\/537","targetHints":{"allow":["GET"]}}],"collection":[{"href":"https:\/\/ambtokyo.esteri.it\/it\/wp-json\/wp\/v2\/pages"}],"about":[{"href":"https:\/\/ambtokyo.esteri.it\/it\/wp-json\/wp\/v2\/types\/page"}],"author":[{"embeddable":true,"href":"https:\/\/ambtokyo.esteri.it\/it\/wp-json\/wp\/v2\/users\/6"}],"replies":[{"embeddable":true,"href":"https:\/\/ambtokyo.esteri.it\/it\/wp-json\/wp\/v2\/comments?post=537"}],"version-history":[{"count":0,"href":"https:\/\/ambtokyo.esteri.it\/it\/wp-json\/wp\/v2\/pages\/537\/revisions"}],"up":[{"embeddable":true,"href":"https:\/\/ambtokyo.esteri.it\/it\/wp-json\/wp\/v2\/pages\/272"}],"wp:attachment":[{"href":"https:\/\/ambtokyo.esteri.it\/it\/wp-json\/wp\/v2\/media?parent=537"}],"curies":[{"name":"wp","href":"https:\/\/api.w.org\/{rel}","templated":true}]}}

<div>
<p>Signore e Signori,</p>
<p>È per me personalmente e per l’Ambasciata d’Italia motivo di orgoglio e soddisfazione che il Museo di Arte di Nakanoshima abbia scelto Amedeo Modigliani, gigante della pittura europea del Novecento, come artista al centro della mostra inaugurale della sua nuovissima e prestigiosa sede.</p>
<p>La grande mostra presenta ben 40 opere del maestro livornese, attentamente scelte tra le più famose, rappresentandone con compiutezza l’itinerario artistico e biografico.</p>
<p>Le opere di Modigliani vengono opportunamente affiancate da oltre sessanta opere di artisti di primo piano che con Modigliani furono in rapporto diretto o che ne furono influenzati.</p>
<p>Si tratta di una mostra di assoluto rilievo, con uno spiccato carattere di rigorosa ricostruzione storico-artistica, da cui emerge un ritratto a tutto tondo di Modigliani e della sua epoca.</p>
<p>Le opere qui raccolte manifestano quelle doti intuizionistiche e introspettive della ritrattistica di Modigliani, che rendono la sua arte inconfondibile, immediatamente riconoscibile, di incontestabile grandezza e di portata universale.</p>
<p>Il Museo di Nakanoshima, che fa vanto di possedere, tra i pezzi di maggior pregio delle sue collezioni, il notissimo “Nu couché aux cheveux dénoués” del 1917 di Modigliani, con questa mostra, a coronamento di circa trent’anni di lavori preparatori, si colloca ormai autorevolmente tra le più importanti istituzioni museali del Giappone.</p>
<p>È pertanto con grande piacere che ringrazio gli organizzatori della mostra, il Museo di Nakanoshima e lo Yomiuri Shimbun, per questa importantissima iniziativa.</p>
<p>Desidero sottolineare anche che l’Istituto Italiano di Cultura di Osaka, partecipa come partner speciale sia nel sostegno alla mostra sia nell’organizzazione di due eventi celebrativi in questa “Event Hall” del Museo: il concerto del Trio Italiano quest’oggi e la conferenza del professore emerito di Estetica e notissimo critico d’arte Okada Atsushi su “Gli occhi nei ritratti di Modigliani” il 25 giugno.</p>
<p>Mi è gradito sottolineare come l’iniziativa del Museo di Nakanoshima si sposi con la grande attenzione che l’Ambasciata d’Italia e il suo Istituto di Cultura, ma soprattutto il Consolato Generale e l’Istituto di Cultura di Osaka hanno per il grande retaggio culturale, tecnologico e scientifico del Kansai e per le grandi potenzialità di dialogo fecondo e costruttivo tra l’Italia e il Giappone.</p>
<p>Saluto e ringrazio i prestigiosi musicisti che compongono il Trio e che egregiamente rappresentano la musica italiana in questo Paese, i violinisti Federico Agostini e Mauro Iurato e il pianista Giuseppe Mariotti, che eseguiranno un programma dedicato alla musica da camera nell’epoca di Modigliani.</p>
<p>Grazie a tutti i presenti e buon ascolto!</p>
</div>

Signore e Signori, È per me personalmente e per l’Ambasciata d’Italia motivo di orgoglio e soddisfazione che il Museo di Arte di Nakanoshima abbia scelto Amedeo Modigliani, gigante della pittura europea del Novecento, come artista al centro della mostra inaugurale della sua nuovissima e prestigiosa sede. La grande mostra presenta ben 40 opere del maestro [&hellip;]
